ghest common factor of 2 and h?
2
Let o(l) = l**3 - 17*l**2 + 15*l + 34. Let i be o(16). What is the greatest common factor of 45 and i?
9
Let d = -185 + 115. Let x = d + 118. Calculate the highest common divisor of 6 and x.
6
Let y be (-21)/(-28) - (-101)/4. Calculate the greatest common factor of 26 and y.
26
Suppose -u - u + 127 = 5*j, 227 = 4*u + j. Calculate the greatest common divisor of u and 14.
14
Let n(j) = -j**3 - j**2 + 2*j + 5. Let k be n(0). Calculate the highest common divisor of k and 5.
5
Suppose 3*k - 8 = 5*k. Let p(c) = 2*c + 6. Let u be p(k). Let g be (-35)/(-7) - (-2)/u. What is the highest common factor of g and 2?
2
Let o be (2/(-4))/(2/(-16)). Calculate the highest common divisor of o and 8.
4
Let g be ((-63)/2)/((-30)/200). What is the highest common divisor of g and 84?
42
Let h be (1 - 1)*(-1)/1. Let w be (h - 7) + 0 + 1. Let p = -4 - w. What is the greatest common factor of p and 4?
2
Suppose 0 = 2*u + 23 - 65. What is the greatest common factor of u and 189?
21
Let p = -22 + 47. What is the greatest common divisor of p and 20?
5
Let m = -133 - -232. Suppose 7 + 2 = x. Calculate the greatest common factor of x and m.
9
Let c(l) = 11*l - 2. Let p be c(2). Suppose 12 = -4*h, -5*v - 2*h + 3*h = -1103. What is the highest common factor of p and v?
20
Suppose 0 = 7*v - 2*v - 4*s + 11, 15 = -v + 4*s. What is the greatest common factor of v and 2?
1
Suppose 28 = f - 4. What is the greatest common divisor of f and 8?
8
Let k(f) = -f**2 + 17*f - 15. Let n be k(15). What is the greatest common factor of 105 and n?
15
Suppose 18*w - 660 = 15*w. Calculate the greatest common factor of w and 20.
20
Suppose 3*b + 0 = 2*v - 2, -2*v = -b - 10. What is the highest common factor of v and 28?
7
Let t(z) = -z + 33. Let b = 3 - 3. Let s be t(b). Let a = 4 - 1. Calculate the greatest common divisor of s and a.
3
Let c be ((-6)/(-4))/((-18)/(-204)). What is the greatest common divisor of c and 17?
17
Let f be (-2)/(-9) + (-79)/(-9). Suppose 4*p = r + f, -5*r + 4*p + 0*p + 3 = 0. What is the greatest common factor of 6 and r?
3
Suppose -4*c + 38 = -3*z, 0 = c + 3*z - 2 - 0. Let f be (-1)/(-1)*(c + -2). Suppose 0 = -u - 0 + f. Calculate the highest common divisor of u and 6.
6
Let p be -2*(4 - (-429)/(-6)). Suppose -c + 4 = -2*c, 3*c = 4*z - 72. Calculate the greatest common factor of z and p.
15
Let q(u) = 2*u + 24. Let k be q(7). Calculate the highest common divisor of k and 19.
19
Suppose -5 = -4*a - 13. Let z be 5118/54 - a/9. Suppose 130 - 20 = 5*m + 5*c, -4*m = -3*c - z. What is the greatest common factor of 253 and m?
23
Suppose 179 = -2*q + 181. Let c = 0 + 2. Calculate the greatest common divisor of c and q.
1
Let p(t) = -2*t + t + 0*t - 10*t - 1. Let v be p(-6). What is the greatest common divisor of 26 and v?
13
Let s be ((-51)/12 + 2)*-40. What is the greatest common factor of 9 and s?
9
Let z(p) = p. Let s be z(1). Let n be 13*s + (-14 - -15). Suppose -4*x = -x - 126. What is the highest common factor of x and n?
14
Let o be 17*(-3)/((-3)/11). Let s = -24 - -41. What is the highest common factor of s and o?
17
Suppose -5*v + 3*x = -31, 4*v - 27 = -4*x + 17. Let q = -3 - -15. What is the highest common divisor of q and v?
4
Suppose 882 = 4*v - 198. Suppose -u = 2*u - v. What is the highest common factor of u and 10?
10
Let c = -13 + 23. Calculate the highest common divisor of c and 5.
5
Let y(z) = 6*z**2 + 12*z - 27. Let t be y(6). What is the highest common factor of 29 and t?
29
Let d = -65 + 91. Calculate the highest common divisor of 39 and d.
13
Let h(o) = 11*o - 5. Let i be h(4). Let g(b) = 3*b**2 + 5*b - 2. Let q be g(-4). Calculate the highest common factor of i and q.
13
Let h be 9/(-2)*(-288)/54. Calculate the greatest common divisor of 24 and h.
24
Suppose 2*j = -3*j + 10. Let o(d) = 25*d**3 - d**2 + 2*d - 2. Let i be o(j). What is the highest common divisor of 18 and i?
18
Suppose p - 23 - 3 = 0. Suppose -4*q + 127 = -29. Calculate the highest common divisor of q and p.
13
Let d(n) = n**3 - 3*n**2 - n - 2. Let q be d(5). Let b = q + 2. Suppose 3*c + 0*c = b. Calculate the greatest common factor of c and 3.
3
Let k(f) = -4*f - 12. Let g be k(-4). Suppose 38 = 3*w + 8. Calculate the greatest common factor of g and w.
2
Suppose u = -4*u + 80. What is the highest common divisor of u and 64?
16
Let p(v) = -v**3 - 4*v**2 - 5*v - 4. Let o be p(-3). Suppose -3 = o*a + 5. Let q be (-4 - -8)/((-1)/a). Calculate the greatest common divisor of q and 80.
16
Suppose t + t = 5*b + 23, -5*t - 3*b = -73. Let f = -34 + 76. Calculate the greatest common factor of f and t.
14
Let s(g) = -g**2 + 8*g - 4. Let l be s(7). Suppose o = l + 15. Suppose 0 = -4*u + 66 - o. What is the greatest common divisor of u and 60?
12
Let x = -95 + 146. What is the highest common factor of x and 85?
17
Suppose 4*g - 180 = 2*g. Let y be (-11)/(-4) - 3/(-12). Suppose 0 = y*f - 5*v - 25, 3*v + 8 + 39 = 5*f. Calculate the greatest common factor of f and g.
10
Let a(g) be the second derivative of g**5/20 + 11*g**4/12 + 3*g**3/2 + 5*g**2 - 3*g. Let l be a(-7). Calculate the highest common divisor of l and 13.
13
Let k(n) = -8*n + 14. Let r be k(0). What is the highest common factor of 35 and r?
7
Suppose -4*i = -3*w + 13, 0*i - 3*w = -2*i - 11. Let b be i*(-61 - (2 - 0)). What is the highest common factor of b and 42?
21
Let y = -16 - -19. Suppose y*g - 5*g = -12. Calculate the greatest common factor of 6 and g.
6
Let y = 80 - -19. Let x = -44 + y. Suppose 0 = k - 2*k + x. Calculate the highest common factor of 5 and k.
5
Let v(j) = -21*j + 15. Let t be v(-10). Calculate the greatest common divisor of t and 25.
25
Let f be 5/(50/(-24))*150/(-20). Calculate the highest common factor of f and 162.
18
Suppose -3*z - 3*a + 2*a + 49 = 0, 4*a + 20 = 0. What is the greatest common factor of z and 6?
6
Let d(h) = 3*h + 0*h + 3*h + h**2 - h**3 - 4*h. Let s be d(-3). Calculate the greatest common factor of s and 75.
15
Let j be 222/9 - (-4)/(-6). Calculate the greatest common factor of 192 and j.
24
Let l be (-1 - -1)/((-4)/4). Suppose -a - 4*a - 10 = l. Let u be a/11 - (-796)/22. What is the greatest common factor of u and 90?
18
Let i be 9*(-1 + 58/3). Let c(g) = -6*g**2 - 2*g + 1. Let d be c(-2). Let h be (-6)/(-2) + (-7 - d). Calculate the greatest common factor of i and h.
15
Let v = -38 - -58. Let r be 32/6*3/2. Calculate the highest common divisor of v and r.
4
Let s = 36 - 3. Calculate the greatest common divisor of 363 and s.
33
Let u(s) = s**2 - 9*s - 6. Let y be u(-8). What is the greatest common divisor of y and 13?
13
Let q = -9 + 20. Suppose -19 = -2*u + 3*i + 2*i, 4*i + q = u. Calculate the highest common divisor of u and 7.
7
Let l be (-6)/(-2) + -1*(-38 + -9). Calculate the greatest common divisor of l and 200.
50
Suppose 4*o = 2*o + 10, -69 = -t + 3*o. Suppose 15 = -3*z, -3*c + 27 = z - 4. Calculate the highest common divisor of c and t.
12
Suppose 3*u - 6 = 0, -5*u + 17 = y + 3. Let c = -6 - -8. Suppose 32 = 5*m + c. What is the highest common factor of y and m?
2
Let q(a) = -a**3 + 11*a**2 - 10*a + 9. Let r be q(10). Calculate the greatest common divisor of 18 and r.
9
Suppose 0*w + 3*w - 9 = 0. Suppose -4*j + 3*s + 36 = 0, -33 = -4*j - 2*s + w. Let g = j + 7. Calculate the greatest common divisor of g and 4.
4
Suppose -2*a + 6*a = 92. Let x be 91 + -1 - (-7 - -5). Calculate the highest common factor of x and a.
23
Let x(q) = q**2 - 7*q + 9. Let g be x(6). Suppose g*o = -n + 53, -2*o + o + 1 = 0. Calculate the greatest common divisor of 25 and n.
25
Let c(z) = -8*z - 62. Let h be c(-8). What is the highest common divisor of h and 38?
2
Suppose 2*s + g = -2*s + 124, 0 = -4*s + g + 116. What is the highest common factor of 10 and s?
10
Let b be (1 - 6)*(-3 + -1). Let d = 309 + -129. What is the highest common divisor of d and b?
20
Suppose 3*n - 4*q - 23 = 0, -3*q - 6 = -4*n + 3*n. Suppose -3*g = -8*g + 225. What is the greatest common factor of g and n?
9
Let z be (-6)/4*88/(-33). Let x be 1*((3 - 1) + -1). Calculate the highest common factor of z and x.
1
Let h = -333 - -630. Calculate the highest common factor of h and 27.
27
Suppose g + 129 = -2*g. Let n = g + 88. Suppose 4*p - 34 = 2*k - 4, -3*k = 4*p - 45. Calculate the greatest common divisor